 Let f(u) = 0 - 1 + 247*u - 249*u + u**j - 3*u**2. Suppose -5*v + 5 = 0, 2 - 14 = -5*d + 3*v. Calculate f(d).
-7
Let s(m) = 97*m**3 - 22 - 96*m**3 + 9. Calculate s(0).
-13
Let m = -276 - -278. Let l(f) = f**2 + f + 2. Give l(m).
8
Let d = -56 - -47. Let n(p) = p**2 + 11*p + 18. Calculate n(d).
0
Let m(c) be the second derivative of c**5/20 + 5*c**4/6 - 3*c**3/2 + 7*c**2 + 49*c. Let a be m(-11). Let u(j) = -3 - j**2 - 8*j - 2 - 1. Give u(a).
-6
Let d(v) = v**3 + 7*v**2 + v + 4. Let f(p) = p**2 + 23*p - 338. Let j be f(-33). What is d(j)?
-68
Let q(k) = 2*k + 6. Let f be 4 - (-1 - -2)/(-1). Suppose 0 = -j - 9*b + 4*b - 11, -28 = f*j - 2*b. Determine q(j).
-6
Let j(l) = -2*l**3 - 9*l**2 - 4*l + 4. Let z be j(-4). Suppose -z*b + 4 = -12, -24 = u - 5*b. Let i(a) = -a**3 - 3*a**2 + 2*a - 1. Calculate i(u).
7
Let j(a) be the first derivative of -a**3/2 + 7*a - 2. Let z(m) be the first derivative of j(m). Determine z(-1).
3
Let b(o) = o**2 + o + 9. Let i(r) = r**3 + 6*r**2 - 2*r - 12. Let w be i(-6). What is b(w)?
9
Let w(i) = -5 + 4 + 4 + 1 - 2*i. Let u(y) = -3*y + 6. Let x(n) = -5*u(n) + 8*w(n). Give x(6).
-4
Let l(j) = j**2 + 4*j - 6. Let p be l(-3). Let m(i) = -i**3 - 8*i**2 - 4*i - 4. Let h(u) = 4*u**3 + 32*u**2 + 15*u + 16. Let s(q) = p*m(q) - 2*h(q). Give s(-7).
11
Let a = 94 + -76. Let b(x) = -x**2 + 18*x + 7. What is b(a)?
7
Let z(s) be the third derivative of -s**5/60 + s**4/6 + 2*s**3/3 + 66*s**2. Suppose 4*a + 2*b - 22 = 0, -a - b = -4 - 1. Give z(a).
-8
Let l(q) = 6*q**3 + 4*q**2 + q. Let a(o) = -7*o**3 - 4*o**2 - 2*o. Let r(j) = -5*a(j) - 6*l(j). Let v(w) = w**2 - 5*w - 11. Let s be v(6). Determine r(s).
5
Let w(g) = 2*g - 19. Let d(h) = -h**3 - 4*h**2 + 11*h + 3. Let p be d(-6). Calculate w(p).
-1
Suppose 5*j = -3*h + 25, 4*h - 2*h = 4*j - 20. Let l(r) = -9*r + 7. Let q = -70 - -76. Let k(z) = -5*z + 4. Let c(x) = q*l(x) - 11*k(x). Determine c(j).
3
Let c(o) be the third derivative of o**8/10080 - o**7/1008 + o**6/240 + 17*o**5/60 - 2*o**2. Let z(u) be the third derivative of c(u). Calculate z(3).
6
Let p(z) = -z**3 + 4*z**2 + 21*z - 1. Let h be p(7). Let x(r) = 19*r**3 + 2*r**2 + 2*r + 1. Give x(h).
-18
Let f(n) = 141*n - 3. Let o(m) = 80*m - 2. Let p(v) = 4*f(v) - 7*o(v). Determine p(9).
38
Let a(y) be the first derivative of 5*y**4/4 - 2*y**3/3 - 3*y**2/2 - y - 108. Determine a(-1).
-5
Let m(n) be the first derivative of -n**6/180 + n**5/40 - n**4/6 - 3*n**3 - 9. Let b(t) be the third derivative of m(t). Determine b(3).
-13
Let o(m) = -m**2 - 3*m + 11. Let p = 16 - 20. Let w be o(p). Let b(z) = z + z - z + w*z**3 + 0*z. Calculate b(1).
8
Suppose -97*w = -85*w + 240. Let a(u) = -u**2 - 20*u - 3. Determine a(w).
-3
Let q(u) = -u + 3. Suppose -26*b + 41 = 15*b. Determine q(b).
2
Let k = -359 + 376. Let w(y) = -y**2 + 20*y - 42. Determine w(k).
9
Suppose 0 = -4*k + 4 + 20. Let v(u) = -u + 5. Let b be v(k). Let m(c) be the third derivative of -c**5/30 - c**4/12 - c**3/6 - 90*c**2. Determine m(b).
-1
Let k(s) = -s**2 - 4*s. Let a(q) = -q**3 - 4*q**2 + 7*q + 1. Let u be a(-6). Let i = u + -37. What is k(i)?
-12
Suppose 0 = -m + 2*v - 17, -3*m + 5*v - 51 = -3. Let c(f) = f**2 + 11*f - 3. Determine c(m).
-3
Let g(j) = 2*j**2 - 7*j + 4. Let i(f) = -f**3 + 4*f**2 + 5*f - 5. Let m be i(4). Suppose 3 - m = -3*v. Calculate g(v).
8
Let v = 30586 + -30581. Let d(x) be the third derivative of x**7/5040 - x**6/240 - x**5/60 - x**2. Let i(p) be the third derivative of d(p). Calculate i(v).
2
Let o(s) = s**3 + 9*s**2 + 6*s - 11. Let d be -5 + 120/100*5/(-2). Determine o(d).
5
Let r(c) = -c + 7. Suppose -11 = -2*d + 3*l, -4*d + 3*l = -14 + 1. Let u = d - -33. Let a be u/6 - (-2)/6. Determine r(a).
1
Let f(d) = -d - 35 + d**3 + 74 + 2*d**2 - 39. Give f(2).
14
Let r(x) = 2*x**2 + 6*x + 5. Let f(u) = -4*u**2 - 11*u - 9. Let y(b) = 6*f(b) + 11*r(b). Let k be y(-1). Let d(w) = 2 + 6*w - 16*w - 3. What is d(k)?
9
Let z(m) = m**3 - 5*m**2 + m + 2. Let s(x) = x**3 + 82*x**2 + 81*x + 3. Let p be s(-81). Determine z(p).
-13
Let f(y) = 47*y - 19*y - 3 - 22*y - 21*y + 2*y**2. Calculate f(8).
5
Let j(c) = c - 10. Suppose d + 2*w = 32, -3 = -w - 5. Let u be (d/15)/(2/(-20)). Let b be 7/((-28)/u) + 0. Calculate j(b).
-4
Let u(c) = c**2 - 5*c + 10. Let r(y) = -4*y - 4. Let t be r(0). Let l(h) = -h**2 + 6*h - 10. Let q(s) = t*l(s) - 3*u(s). What is q(7)?
-4
Let q(l) = 323*l**2 + 14 + 12*l - 156*l**2 - 166*l**2. What is q(-11)?
3
Let r(o) = -o + 1. Let t(h) = -3*h + 11. Let s(g) = 6*r(g) - 3*t(g). Determine s(11).
6
Let y(k) = k**3 - k**2 - k - 1. Let l(d) = 29*d**3 - 3*d**2 - 4*d - 5. Let i(s) = l(s) - 4*y(s). Calculate i(1).
25
Let x(d) = d**2 - 5*d + 3*d - 3*d + 3*d. Suppose -2*f + a + 9 = 0, 4*a + 35 = 5*f + 5. Let y be x(f). Let r(t) = t - 10. What is r(y)?
-10
Let y(w) be the third derivative of w**7/840 - w**6/72 - w**5/20 + w**4/12 + 5*w**3/6 + 8*w**2. Let p(f) be the first derivative of y(f). Calculate p(6).
2
Let c(u) = -u**2 + 12*u - 21. Suppose 0 = -79*h + 85*h - 54. Calculate c(h).
6
Suppose -9*h = -5*h + 12, -2*p - 3*h - 3 = 0. Suppose 0 = -r - 0*r - 4*d + 2, -r - p*d = 0. Let x(q) = -2 - q + 1 - 7. Give x(r).
-2
Let b(v) be the first derivative of -v**2/2 - 2*v - 292. Give b(4).
-6
Suppose -3*d + 0*d + 12 = 0. Suppose d = -7*k + 9*k. Let t(p) = -2*p - 2. Give t(k).
-6
Let w(d) = 5*d. Let x = 8 - 0. Let q be (1/(-1))/(-7 + x). Let p(f) = -f. Let b(g) = q*w(g) + 5*p(g). Calculate b(1).
-10
Let j(n) = 25*n + 1. Suppose 0 = -12*u + 13*u + 4*v + 17, 0 = -3*u + v + 1. Calculate j(u).
-24
Let w(s) = -s + 5. Let t be w(-4). Suppose 4*v - t = 3*v. Let b = -7 + v. Let x(u) = 3*u**3 - 3*u**2 + 2*u - 3. Calculate x(b).
13
Let m(z) be the second derivative of -z**3/3 - 3*z**2/2 - 320*z. Determine m(-4).
5
Let l be (-44)/(-11) + -2 - 9. Let j(g) be the first derivative of -g**3/3 - 9*g**2/2 - 10*g - 1. Determine j(l).
4
Let v(q) = 15 - 13*q + 2*q**3 - 15*q**2 - q**3 - 20*q + 46*q. Determine v(14).
1
Let r(y) = y**2 - 5*y. Let f be r(5). Let i(a) = 4*a**2 - 4*a - 3. Let l(v) = -v**2 + v - 1. Let c = -4 - -1. Let w(u) = c*l(u) - i(u). Give w(f).
6
Let s(t) be the third derivative of t**6/360 - t**5/15 - t**4/12 - 5*t**3/6 - t**2. Let a(m) be the first derivative of s(m). Calculate a(8).
-2
Let u(n) be the first derivative of -n**4/2 - 5*n**3 - 5*n**2/2 + 15*n + 868. What is u(-7)?
1
Suppose -3*v - 4*z - 2 = 0, -3*v - 3*z - 6 = -0*z. Let h(u) = u**2 + 10*u + 4. Let m(o) = o**2 + 9*o + 5. Let t(c) = 2*h(c) - 3*m(c). What is t(v)?
-1
Let r(q) = 7*q**3 - 2 + 0 - 4*q**3 - 3*q**3 + q**3. Calculate r(-3).
-29
Let j(a) = 2 + 0*a**3 + 5*a**2 - 3*a**2 - a + a**3. Let i = 40 - 75. Let c be (-4)/(-7) + 125/i. Determine j(c).
-4
Let n(d) = -12*d**2 + 12*d + 12. Let h be n(-1). Let z(m) = -m**2 - 12*m - 10. What is z(h)?
-10
Let n(a) = -9*a**3 + 2*a**2 + 2*a + 1. Let r(v) = -v**3 - 5*v**2 + v + 4. Let h be r(-5). Determine n(h).
10
Let a = 1193/12 - 99. Let y(u) be the second derivative of 4*u + 0 - a*u**4 - 1/6*u**3 + 3/2*u**2 + 1/20*u**5. What is y(5)?
-2
Let w(o) = -10*o**2 - 8*o - 1. Let k(f) = 3*f**2 + 3*f. Let s = -14 + 12. Let n(b) = s*w(b) - 7*k(b). Let l(u) = -u**3 + 10*u**2 - 5. Let y be l(10). Give n(y).
2
Let n(i) = i + 2. Let a(z) = -z - 1. Let x(d) = 3*a(d) + 2*n(d). What is x(6)?
-5
Suppose -103*y - 28*y - 393 = 0. Let b(f) be the second derivative of f**5/120 + f**4/4 - f**3/3 + f. Let j(u) be the second derivative of b(u). What is j(y)?
3
Let n(p) = p**2 + 9*p + 5. Suppose -z + 5*y - 34 = 0, z - 4*y + 6*y = 1. Give n(z).
5
Suppose 9 + 6 = 3*i. Suppose 3*u - 5*u + 8 = 0. Suppose 9*b - i = u*b. Let d(k) = 7*k. What is d(b)?
7
Suppose 6 + 98 = 13*x. Let o(y) = 2*y. Let a be o(4). Let p(r) = -8 - a*r + r**2 + 8. What is p(x)?
0
Suppose 0 = -j - 2*x + 16, 3*j + 40 = 8*j + 2*x. Let u(r) = r**3 - 6*r**2 - r + 7. Calculate u(j).
1
Let a(z) = 2*z + 27. Let n be a(-11). Let y be 4*-1*n/5. Let g(l) be the first derivative of -l**2 - 4*l - 1. What is g(y)?
4
Let j be 236/1062 + 1/(18/50). Let i(v) = 3*v + 1. What is i(j)?
10
Let x be 7/4 + (-1)/(-4). Suppose -5*g - 4 = o - 38, -g + 4*o - 10 = 0. Let w(r) = -6 + g*r + 2 - 3 + 4. Determine w(x).
9
Let c(d) = d**3 - 10. Let n(o) = -7*o**3 + 3*o + 59. Let u(w) = -6*c(w) - n(w). What is u(2)?
3
Let q(v) = -4*v + 4. Suppose -4*m - 1